{"id":2249,"date":"2020-05-11T19:15:27","date_gmt":"2020-05-11T22:15:27","guid":{"rendered":"https:\/\/isfd50-bue.infd.edu.ar\/sitio\/?page_id=2249"},"modified":"2020-06-23T22:58:41","modified_gmt":"2020-06-24T01:58:41","slug":"tutoriales-campus-virtual-estudiantes","status":"publish","type":"page","link":"https:\/\/isfd50-bue.infd.edu.ar\/sitio\/tutoriales-campus-virtual-estudiantes\/","title":{"rendered":"TUTORIALES CAMPUS VIRTUAL (Estudiantes)"},"content":{"rendered":"<h1 style=\"text-align: center;\"><a href=\"https:\/\/isfd50-bue.infd.edu.ar\/sitio\/wp-content\/uploads\/2020\/05\/Tutorial-para-estudiantes-Uso-del-campus-virtual-V-11.pdf\" target=\"_blank\" rel=\"noopener\">Tutorial para estudiantes Uso del campus virtual V 11<\/a><\/h1>\n<p>&nbsp;<\/p>\n<h1 style=\"text-align: center;\"><span style=\"text-decoration: underline;\"><span style=\"color: #000000; text-decoration: underline;\">Videos Tutoriales<\/span><\/span><\/h1>\n<h2 style=\"text-align: center;\"><a href=\"https:\/\/drive.google.com\/file\/d\/1Bxzy9_JiR3yqj6VQwE8jFcbqjHcHxxbc\/view\" target=\"_blank\" rel=\"noopener\"><span style=\"color: #0000ff;\">Ingreso al Campus Virtual<\/span><\/a><\/h2>\n<h2 style=\"text-align: center;\"><a href=\"https:\/\/youtu.be\/ieJsALiOx24\" target=\"_blank\" rel=\"noopener\"><span style=\"color: #0000ff;\">Participar de un foro<\/span><\/a><\/h2>\n<h2 style=\"text-align: center;\"><a href=\"https:\/\/youtu.be\/Ps-bjGoK9Uo\" target=\"_blank\" rel=\"noopener\"><span style=\"color: #0000ff;\">Realizar una actividad en Campus Virtual<\/span><\/a><\/h2>\n<h2 style=\"text-align: center;\"><a href=\"https:\/\/youtu.be\/_Z5d5pfFqzw\" target=\"_blank\" rel=\"noopener\"><span style=\"color: #0000ff;\">Cargar un archivo en actividad y visualizar las calificaciones<\/span><\/a><\/h2>\n<h2 style=\"text-align: center;\"><a href=\"https:\/\/youtu.be\/GiVsHfKqgC0\" target=\"_blank\" rel=\"noopener\"><span style=\"color: #0000ff;\">Participar de una Wiki<\/span><\/a><\/h2>\n<h2 style=\"text-align: center;\"><a href=\"https:\/\/youtu.be\/eHLuycBYXos\" target=\"_blank\" rel=\"noopener\"><span style=\"color: #0000ff;\">Eliminar mensajes en el Campus Virtual<\/span><\/a><\/h2>\n<p>&nbsp;<\/p>\n<h2 class=\"has-text-color has-background has-medium-font-size has-very-light-gray-color has-vivid-green-cyan-background-color\"><span style=\"text-decoration: underline;\"><span style=\"color: #000000;\"><strong>TUTORIALES CAMPUS VIRTUAL Y SITIO WEB INFD<\/strong><\/span><\/span><\/h2>\n<p><strong>Escritorio<\/strong><\/p>\n<ul>\n<li><a href=\"https:\/\/tic.infd.edu.ar\/que-son-los-sucesos-recientes\/\">Qu\u00e9 son los sucesos recientes<\/a><\/li>\n<li><a href=\"https:\/\/tic.infd.edu.ar\/como-ingresar-al-aula-virtual\/\">C\u00f3mo se ingresa al aula<\/a><\/li>\n<li><a href=\"https:\/\/tic.infd.edu.ar\/?p=1268\">Configuraci\u00f3n del perfil de usuario<\/a><\/li>\n<li><a href=\"https:\/\/tic.infd.edu.ar\/?p=1162\">C\u00f3mo se configuran las preferencias del usuario<\/a><\/li>\n<\/ul>\n<p><strong>Vista del usuario<\/strong><\/p>\n<ul>\n<li><a href=\"https:\/\/tic.infd.edu.ar\/portafolio-usos-y-administracion\/\">Portafolio: Usos y administraci\u00f3n<\/a><\/li>\n<li><a href=\"https:\/\/tic.infd.edu.ar\/como-es-la-estructura-del-aula\/\">C\u00f3mo es la estructura del aula<\/a><\/li>\n<li><a href=\"https:\/\/tic.infd.edu.ar\/como-navegar-los-contenidos-de-las-clases\/\">Clases: C\u00f3mo se navegan los contenidos de las clases<\/a><\/li>\n<li><a href=\"https:\/\/tic.infd.edu.ar\/como-navegar-el-indice\/\">Clases: C\u00f3mo navegar el \u00edndice<\/a><\/li>\n<li><a href=\"https:\/\/tic.infd.edu.ar\/?p=1181\">Foros: C\u00f3mo editar un posteo<\/a><\/li>\n<li><a href=\"https:\/\/tic.infd.edu.ar\/?p=1243\">Foros: C\u00f3mo se abre y se configura un foro<\/a><\/li>\n<li><a href=\"https:\/\/tic.infd.edu.ar\/?p=1160\">Foros: Recomendaciones para participar<\/a><\/li>\n<li><a href=\"https:\/\/tic.infd.edu.ar\/participar-en-un-foro-grabando-video\/\">Foros: Participar en un foro grabando video<\/a><\/li>\n<li><a href=\"https:\/\/tic.infd.edu.ar\/participar-en-un-foro-dictando-el-texto\/\">Foros: Participar en un foro dictando el texto<\/a><\/li>\n<li><a href=\"https:\/\/tic.infd.edu.ar\/?p=1270\">C\u00f3mo se utilizan las secciones sitios y archivos<\/a><\/li>\n<li><a href=\"https:\/\/tic.infd.edu.ar\/?p=1266\">\u00bfC\u00f3mo se env\u00edan y reciben mensajes dentro del campus?<\/a><\/li>\n<li><a href=\"https:\/\/tic.infd.edu.ar\/?p=1264\">Indicadores de estado de lectura de contenidos obligatorios\u00a0<\/a><\/li>\n<li><a href=\"https:\/\/tic.infd.edu.ar\/continuar-en-la-app-la-tarea-iniciada-en-la-pc-mediante-codigo-qr\/\">C\u00f3mo continuar la sesi\u00f3n en un m\u00f3vil mediante c\u00f3digo QR<\/a><\/li>\n<\/ul>\n<p style=\"text-align: center;\"><a href=\"https:\/\/isfd50-bue.infd.edu.ar\/sitio\/wp-content\/uploads\/2020\/05\/acceso-QR-1024x359.png\"><img decoding=\"async\" loading=\"lazy\" class=\"alignnone size-medium wp-image-2257\" src=\"https:\/\/isfd50-bue.infd.edu.ar\/sitio\/wp-content\/uploads\/2020\/05\/acceso-QR-1024x359-1000x351.png\" alt=\"\" width=\"1000\" height=\"351\" srcset=\"https:\/\/isfd50-bue.infd.edu.ar\/sitio\/wp-content\/uploads\/2020\/05\/acceso-QR-1024x359-1000x351.png 1000w, https:\/\/isfd50-bue.infd.edu.ar\/sitio\/wp-content\/uploads\/2020\/05\/acceso-QR-1024x359-768x269.png 768w, https:\/\/isfd50-bue.infd.edu.ar\/sitio\/wp-content\/uploads\/2020\/05\/acceso-QR-1024x359.png 1024w\" sizes=\"(max-width: 1000px) 100vw, 1000px\" \/><\/a> <a href=\"https:\/\/isfd50-bue.infd.edu.ar\/sitio\/wp-content\/uploads\/2020\/05\/app-educativa.png\"><img decoding=\"async\" loading=\"lazy\" class=\"alignnone size-medium wp-image-2258\" src=\"https:\/\/isfd50-bue.infd.edu.ar\/sitio\/wp-content\/uploads\/2020\/05\/app-educativa-1000x495.png\" alt=\"\" width=\"1000\" height=\"495\" srcset=\"https:\/\/isfd50-bue.infd.edu.ar\/sitio\/wp-content\/uploads\/2020\/05\/app-educativa-1000x495.png 1000w, https:\/\/isfd50-bue.infd.edu.ar\/sitio\/wp-content\/uploads\/2020\/05\/app-educativa-768x380.png 768w, https:\/\/isfd50-bue.infd.edu.ar\/sitio\/wp-content\/uploads\/2020\/05\/app-educativa.png 1416w\" sizes=\"(max-width: 1000px) 100vw, 1000px\" \/><\/a><\/p>\n<p>&nbsp;<\/p>\n<h2 style=\"text-align: center;\"><\/h2>\n<p>&nbsp;<\/p>\n","protected":false},"excerpt":{"rendered":"<p>Tutorial para estudiantes Uso del campus virtual V 11 &nbsp; Videos Tutoriales Ingreso al Campus Virtual Participar de un foro Realizar una actividad en Campus Virtual Cargar un archivo en actividad y visualizar las calificaciones Participar de una Wiki Eliminar mensajes en el Campus Virtual &nbsp; TUTORIALES CAMPUS VIRTUAL Y SITIO WEB INFD Escritorio Qu\u00e9 &#8230; <a title=\"TUTORIALES CAMPUS VIRTUAL (Estudiantes)\" class=\"read-more\" href=\"https:\/\/isfd50-bue.infd.edu.ar\/sitio\/tutoriales-campus-virtual-estudiantes\/\" aria-label=\"More on TUTORIALES CAMPUS VIRTUAL (Estudiantes)\">[+]<\/a><\/p>\n","protected":false},"author":70,"featured_media":0,"parent":0,"menu_order":0,"comment_status":"closed","ping_status":"closed","template":"","meta":[],"acf":[],"_links":{"self":[{"href":"https:\/\/isfd50-bue.infd.edu.ar\/sitio\/wp-json\/wp\/v2\/pages\/2249"}],"collection":[{"href":"https:\/\/isfd50-bue.infd.edu.ar\/sitio\/wp-json\/wp\/v2\/pages"}],"about":[{"href":"https:\/\/isfd50-bue.infd.edu.ar\/sitio\/wp-json\/wp\/v2\/types\/page"}],"author":[{"embeddable":true,"href":"https:\/\/isfd50-bue.infd.edu.ar\/sitio\/wp-json\/wp\/v2\/users\/70"}],"replies":[{"embeddable":true,"href":"https:\/\/isfd50-bue.infd.edu.ar\/sitio\/wp-json\/wp\/v2\/comments?post=2249"}],"version-history":[{"count":8,"href":"https:\/\/isfd50-bue.infd.edu.ar\/sitio\/wp-json\/wp\/v2\/pages\/2249\/revisions"}],"predecessor-version":[{"id":2266,"href":"https:\/\/isfd50-bue.infd.edu.ar\/sitio\/wp-json\/wp\/v2\/pages\/2249\/revisions\/2266"}],"wp:attachment":[{"href":"https:\/\/isfd50-bue.infd.edu.ar\/sitio\/wp-json\/wp\/v2\/media?parent=2249"}],"curies":[{"name":"wp","href":"https:\/\/api.w.org\/{rel}","templated":true}]}}