{"id":884,"date":"2018-06-28T16:47:03","date_gmt":"2018-06-28T19:47:03","guid":{"rendered":"https:\/\/isfd50-bue.infd.edu.ar\/sitio\/profesorado-de-educacion-primaria\/"},"modified":"2020-01-10T18:37:28","modified_gmt":"2020-01-10T21:37:28","slug":"profesorado-de-educacion-primaria","status":"publish","type":"page","link":"https:\/\/isfd50-bue.infd.edu.ar\/sitio\/profesorado-de-educacion-primaria\/","title":{"rendered":"Profesorado de Educaci\u00f3n Primaria"},"content":{"rendered":"<p style=\"text-align: center;\"><a href=\"https:\/\/isfd50-bue.infd.edu.ar\/sitio\/wp-content\/uploads\/2020\/01\/Primaria.png\"><img decoding=\"async\" loading=\"lazy\" class=\"alignnone size-medium wp-image-1870\" src=\"https:\/\/isfd50-bue.infd.edu.ar\/sitio\/wp-content\/uploads\/2020\/01\/Primaria-1000x324.png\" alt=\"\" width=\"1000\" height=\"324\" srcset=\"https:\/\/isfd50-bue.infd.edu.ar\/sitio\/wp-content\/uploads\/2020\/01\/Primaria-1000x324.png 1000w, https:\/\/isfd50-bue.infd.edu.ar\/sitio\/wp-content\/uploads\/2020\/01\/Primaria-768x248.png 768w, https:\/\/isfd50-bue.infd.edu.ar\/sitio\/wp-content\/uploads\/2020\/01\/Primaria-1900x615.png 1900w, https:\/\/isfd50-bue.infd.edu.ar\/sitio\/wp-content\/uploads\/2020\/01\/Primaria.png 2000w\" sizes=\"(max-width: 1000px) 100vw, 1000px\" \/><\/a><\/p>\n<p style=\"text-align: center;\"><span style=\"font-size: 12pt; color: #0000ff;\"><strong><span style=\"font-family: Arial;\">Aprobado por Resoluci\u00f3n N\u00ba 4154\/07 de la Direcci\u00f3n General de Cultura y Educaci\u00f3n de la Provincia de Buenos Aires, la carrera de Educaci\u00f3n Primaria tiene una duraci\u00f3n de 4 a\u00f1os.<\/span><\/strong><\/span><\/p>\n<p style=\"text-align: center;\"><span style=\"color: #0000ff; font-size: 12pt;\"><strong><span style=\"font-family: Arial;\"><span style=\"text-decoration: underline;\">Jefa de \u00e1rea<\/span>: Prof. Patricia Reynoso<\/span><\/strong><\/span><\/p>\n<p><strong>\u00a0 \u00a0 \u00a0 \u00a0 \u00a0 \u00a0 \u00a0 \u00a0 \u00a0 \u00a0 \u00a0 \u00a0 \u00a0 \u00a0 \u00a0 \u00a0 \u00a0 \u00a0 \u00a0 \u00a0 \u00a0 \u00a0 \u00a0 \u00a0 \u00a0 \u00a0 \u00a0 \u00a0 \u00a0 \u00a0 \u00a0 \u00a0 \u00a0 \u00a0 \u00a0 \u00a0 \u00a0 \u00a0<\/strong><span style=\"font-size: 12pt; color: #000000;\"><strong><span style=\"font-family: Arial;\">Se cursa de lunes a viernes en los siguientes turnos:<\/span><\/strong><\/span><\/p>\n<p style=\"text-align: center;\"><span style=\"color: #000000;\"><strong><span style=\"font-size: 11pt; font-family: Arial; mso-bidi-font-size: 10.0pt; mso-fareast-font-family: 'Times New Roman'; mso-bidi-font-family: 'Times New Roman'; mso-ansi-language: ES; mso-fareast-language: ES; mso-bidi-language: AR-SA;\">\u00a0\u00a0\u00a0\u00a0\u00a0\u00a0\u00a0\u00a0\u00a0<span style=\"font-size: 12pt;\">TURNO MA\u00d1ANA: de 7:45 hs a 12:45 hs<\/span><\/span><\/strong><\/span><\/p>\n<p style=\"text-align: center;\"><span style=\"font-size: 12pt; color: #000000;\"><strong><span style=\"font-family: Arial;\">\u00a0 \u00a0 \u00a0 \u00a0TURNO TARDE: de 12:45 hs a 17:45 hs<\/span><\/strong><\/span><\/p>\n<p style=\"text-align: center;\"><span style=\"font-size: 12pt; color: #000000;\"><strong><span style=\"font-family: Arial;\">\u00a0 \u00a0 \u00a0 \u00a0 TURNO NOCHE: de 17:45 hs a 22:15 hs<\/span><\/strong><\/span><\/p>\n<p style=\"text-align: center;\"><span style=\"font-size: 12pt;\"><strong>\u00a0<\/strong><\/span><\/p>\n<p style=\"text-align: center;\"><strong><span style=\"font-size: 11pt; font-family: Arial; mso-bidi-font-size: 10.0pt; mso-fareast-font-family: 'Times New Roman'; mso-bidi-font-family: 'Times New Roman'; mso-ansi-language: ES; mso-fareast-language: ES; mso-bidi-language: AR-SA;\">Para conocer el programa de contenidos\u00a0<a title=\"Profesorado de Educaci\u00f3n Primaria\" href=\"http:\/\/abc.gov.ar\/lainstitucion\/organismos\/consejogeneral\/disenioscurriculares\/documentosdescarga\/dcurricularsuperior.pdf\" target=\"_blank\" rel=\"noopener\">Ver Dise\u00f1o Curricular<\/a><\/span><\/strong><\/p>\n","protected":false},"excerpt":{"rendered":"<p>Aprobado por Resoluci\u00f3n N\u00ba 4154\/07 de la Direcci\u00f3n General de Cultura y Educaci\u00f3n de la Provincia de Buenos Aires, la carrera de Educaci\u00f3n Primaria tiene una duraci\u00f3n de 4 a\u00f1os. Jefa de \u00e1rea: Prof. Patricia Reynoso \u00a0 \u00a0 \u00a0 \u00a0 \u00a0 \u00a0 \u00a0 \u00a0 \u00a0 \u00a0 \u00a0 \u00a0 \u00a0 \u00a0 \u00a0 \u00a0 \u00a0 \u00a0 \u00a0 &#8230; <a title=\"Profesorado de Educaci\u00f3n Primaria\" class=\"read-more\" href=\"https:\/\/isfd50-bue.infd.edu.ar\/sitio\/profesorado-de-educacion-primaria\/\" aria-label=\"More on Profesorado de Educaci\u00f3n Primaria\">[+]<\/a><\/p>\n","protected":false},"author":70,"featured_media":0,"parent":0,"menu_order":0,"comment_status":"closed","ping_status":"closed","template":"","meta":[],"acf":[],"_links":{"self":[{"href":"https:\/\/isfd50-bue.infd.edu.ar\/sitio\/wp-json\/wp\/v2\/pages\/884"}],"collection":[{"href":"https:\/\/isfd50-bue.infd.edu.ar\/sitio\/wp-json\/wp\/v2\/pages"}],"about":[{"href":"https:\/\/isfd50-bue.infd.edu.ar\/sitio\/wp-json\/wp\/v2\/types\/page"}],"author":[{"embeddable":true,"href":"https:\/\/isfd50-bue.infd.edu.ar\/sitio\/wp-json\/wp\/v2\/users\/70"}],"replies":[{"embeddable":true,"href":"https:\/\/isfd50-bue.infd.edu.ar\/sitio\/wp-json\/wp\/v2\/comments?post=884"}],"version-history":[{"count":7,"href":"https:\/\/isfd50-bue.infd.edu.ar\/sitio\/wp-json\/wp\/v2\/pages\/884\/revisions"}],"predecessor-version":[{"id":1882,"href":"https:\/\/isfd50-bue.infd.edu.ar\/sitio\/wp-json\/wp\/v2\/pages\/884\/revisions\/1882"}],"wp:attachment":[{"href":"https:\/\/isfd50-bue.infd.edu.ar\/sitio\/wp-json\/wp\/v2\/media?parent=884"}],"curies":[{"name":"wp","href":"https:\/\/api.w.org\/{rel}","templated":true}]}}